{"id":4366,"date":"2026-04-22T00:38:33","date_gmt":"2026-04-22T00:38:33","guid":{"rendered":"https:\/\/www.gilm.pt\/7diascomosmedia\/?page_id=4366"},"modified":"2026-04-22T00:56:36","modified_gmt":"2026-04-22T00:56:36","slug":"a-operacao-nos-media","status":"publish","type":"page","link":"https:\/\/www.gilm.pt\/7diascomosmedia\/a-operacao-nos-media\/","title":{"rendered":"A Opera\u00e7\u00e3o nos Media"},"content":{"rendered":"\t\t<div data-elementor-type=\"wp-page\" data-elementor-id=\"4366\" class=\"elementor elementor-4366\" data-elementor-settings=\"{&quot;ha_cmc_init_switcher&quot;:&quot;no&quot;}\" data-elementor-post-type=\"page\">\n\t\t\t\t<div class=\"has_eae_slider elementor-element elementor-element-323db3c e-flex e-con-boxed jltma-glass-effect-no e-con e-parent\" data-eae-slider=\"7470\" data-particle_enable=\"false\" data-particle-mobile-disabled=\"false\" data-id=\"323db3c\" data-element_type=\"container\" data-e-type=\"container\" data-settings=\"{&quot;_ha_eqh_enable&quot;:false}\">\n\t\t\t\t\t<div class=\"e-con-inner\">\n\t\t\t\t<div class=\"elementor-element elementor-element-bada381 jltma-glass-effect-no elementor-widget elementor-widget-heading\" data-id=\"bada381\" data-element_type=\"widget\" data-e-type=\"widget\" data-widget_type=\"heading.default\">\n\t\t\t\t<div class=\"elementor-widget-container\">\n\t\t\t\t\t<h2 class=\"elementor-heading-title elementor-size-default\">Ecos da Opera\u00e7\u00e3o 7 Dias com os Media 2026 nos Media <\/h2>\t\t\t\t<\/div>\n\t\t\t\t<\/div>\n\t\t\t\t<div class=\"elementor-element elementor-element-4066096 jltma-glass-effect-no elementor-widget elementor-widget-image\" data-id=\"4066096\" data-element_type=\"widget\" data-e-type=\"widget\" data-widget_type=\"image.default\">\n\t\t\t\t<div class=\"elementor-widget-container\">\n\t\t\t\t\t\t\t\t\t\t\t\t\t\t\t<img fetchpriority=\"high\" decoding=\"async\" width=\"1024\" height=\"307\" src=\"https:\/\/www.gilm.pt\/7diascomosmedia\/wp-content\/uploads\/2026\/04\/Copia-de-7DiasMedia2026_CabcalhoMenunIniciativas2026-1024x307.jpg\" class=\"attachment-large size-large wp-image-4367\" alt=\"\" srcset=\"https:\/\/www.gilm.pt\/7diascomosmedia\/wp-content\/uploads\/2026\/04\/Copia-de-7DiasMedia2026_CabcalhoMenunIniciativas2026-1024x307.jpg 1024w, https:\/\/www.gilm.pt\/7diascomosmedia\/wp-content\/uploads\/2026\/04\/Copia-de-7DiasMedia2026_CabcalhoMenunIniciativas2026-300x90.jpg 300w, https:\/\/www.gilm.pt\/7diascomosmedia\/wp-content\/uploads\/2026\/04\/Copia-de-7DiasMedia2026_CabcalhoMenunIniciativas2026-768x230.jpg 768w, https:\/\/www.gilm.pt\/7diascomosmedia\/wp-content\/uploads\/2026\/04\/Copia-de-7DiasMedia2026_CabcalhoMenunIniciativas2026-1536x461.jpg 1536w, https:\/\/www.gilm.pt\/7diascomosmedia\/wp-content\/uploads\/2026\/04\/Copia-de-7DiasMedia2026_CabcalhoMenunIniciativas2026.jpg 1920w\" sizes=\"(max-width: 1024px) 100vw, 1024px\" \/>\t\t\t\t\t\t\t\t\t\t\t\t\t\t\t<\/div>\n\t\t\t\t<\/div>\n\t\t\t\t<div class=\"elementor-element elementor-element-f96de72 jltma-glass-effect-no elementor-widget elementor-widget-text-editor\" data-id=\"f96de72\" data-element_type=\"widget\" data-e-type=\"widget\" data-widget_type=\"text-editor.default\">\n\t\t\t\t<div class=\"elementor-widget-container\">\n\t\t\t\t\t\t\t\t\t<ul><li><a href=\"https:\/\/combatefakenews.lusa.pt\/operacao-7-dias-com-os-media-regressa-em-maio-para-debater-direitos-humanos-no-ambiente-digital\/\">Opera\u00e7\u00e3o \u201c7 Dias com os Media\u201d regressa em maio para debater direitos humanos no ambiente digital &#8211; Combate \u00e0s Fake News, uma quest\u00e3o democr\u00e1tica<\/a><\/li><li><a href=\"https:\/\/www.cmjornal.pt\/tv-media\/detalhe\/operacao-7-dias-com-os-media-regressa-em-maio-para-debater-direitos-humanos-no-ambiente-digital\">Opera\u00e7\u00e3o &#8220;7 Dias com os Media&#8221; regressa em maio para debater direitos humanos no ambiente digital &#8211; Tv Media &#8211; Correio da Manh\u00e3<\/a><\/li><li><a href=\"https:\/\/radiocomercial.pt\/noticia\/operacao-7-dias-com-os-media-regressa-para-debater-direitos-humanos-em-ambiente-digital\">Opera\u00e7\u00e3o &#8220;7 Dias com os Media&#8221; vai debater direitos humanos em ambiente digital<\/a><\/li><li>https:\/\/www.instagram.com\/p\/DXMLH6-DNYc\/\u00a0\u00a0<\/li><\/ul>\t\t\t\t\t\t\t\t<\/div>\n\t\t\t\t<\/div>\n\t\t\t\t\t<\/div>\n\t\t\t\t<\/div>\n\t\t\t\t<\/div>\n\t\t","protected":false},"excerpt":{"rendered":"<p>Ecos da Opera\u00e7\u00e3o 7 Dias com os Media 2026 nos Media Opera\u00e7\u00e3o \u201c7 Dias com os Media\u201d regressa em maio para debater direitos humanos no ambiente digital &#8211; Combate \u00e0s Fake News, uma quest\u00e3o democr\u00e1tica Opera\u00e7\u00e3o &#8220;7 Dias com os Media&#8221; regressa em maio para debater direitos humanos no ambiente digital &#8211; Tv Media &#8211; [&hellip;]<\/p>\n","protected":false},"author":2,"featured_media":4367,"parent":0,"menu_order":0,"comment_status":"closed","ping_status":"closed","template":"","meta":{"om_disable_all_campaigns":false,"site-sidebar-layout":"no-sidebar","site-content-layout":"page-builder","ast-site-content-layout":"full-width-container","site-content-style":"default","site-sidebar-style":"default","ast-global-header-display":"","ast-banner-title-visibility":"","ast-main-header-display":"","ast-hfb-above-header-display":"","ast-hfb-below-header-display":"","ast-hfb-mobile-header-display":"","site-post-title":"","ast-breadcrumbs-content":"","ast-featured-img":"disabled","footer-sml-layout":"","ast-disable-related-posts":"","theme-transparent-header-meta":"","adv-header-id-meta":"","stick-header-meta":"","header-above-stick-meta":"","header-main-stick-meta":"","header-below-stick-meta":"","astra-migrate-meta-layouts":"set","ast-page-background-enabled":"default","ast-page-background-meta":{"desktop":{"background-color":"var(--ast-global-color-4)","background-image":"","background-repeat":"repeat","background-position":"center center","background-size":"auto","background-attachment":"scroll","background-type":"","background-media":"","overlay-type":"","overlay-color":"","overlay-opacity":"","overlay-gradient":""},"tablet":{"background-color":"","background-image":"","background-repeat":"repeat","background-position":"center center","background-size":"auto","background-attachment":"scroll","background-type":"","background-media":"","overlay-type":"","overlay-color":"","overlay-opacity":"","overlay-gradient":""},"mobile":{"background-color":"","background-image":"","background-repeat":"repeat","background-position":"center center","background-size":"auto","background-attachment":"scroll","background-type":"","background-media":"","overlay-type":"","overlay-color":"","overlay-opacity":"","overlay-gradient":""}},"ast-content-background-meta":{"desktop":{"background-color":"var(--ast-global-color-5)","background-image":"","background-repeat":"repeat","background-position":"center center","background-size":"auto","background-attachment":"scroll","background-type":"","background-media":"","overlay-type":"","overlay-color":"","overlay-opacity":"","overlay-gradient":""},"tablet":{"background-color":"var(--ast-global-color-5)","background-image":"","background-repeat":"repeat","background-position":"center center","background-size":"auto","background-attachment":"scroll","background-type":"","background-media":"","overlay-type":"","overlay-color":"","overlay-opacity":"","overlay-gradient":""},"mobile":{"background-color":"var(--ast-global-color-5)","background-image":"","background-repeat":"repeat","background-position":"center center","background-size":"auto","background-attachment":"scroll","background-type":"","background-media":"","overlay-type":"","overlay-color":"","overlay-opacity":"","overlay-gradient":""}},"footnotes":""},"class_list":["post-4366","page","type-page","status-publish","has-post-thumbnail","hentry"],"_links":{"self":[{"href":"https:\/\/www.gilm.pt\/7diascomosmedia\/wp-json\/wp\/v2\/pages\/4366","targetHints":{"allow":["GET"]}}],"collection":[{"href":"https:\/\/www.gilm.pt\/7diascomosmedia\/wp-json\/wp\/v2\/pages"}],"about":[{"href":"https:\/\/www.gilm.pt\/7diascomosmedia\/wp-json\/wp\/v2\/types\/page"}],"author":[{"embeddable":true,"href":"https:\/\/www.gilm.pt\/7diascomosmedia\/wp-json\/wp\/v2\/users\/2"}],"replies":[{"embeddable":true,"href":"https:\/\/www.gilm.pt\/7diascomosmedia\/wp-json\/wp\/v2\/comments?post=4366"}],"version-history":[{"count":4,"href":"https:\/\/www.gilm.pt\/7diascomosmedia\/wp-json\/wp\/v2\/pages\/4366\/revisions"}],"predecessor-version":[{"id":4373,"href":"https:\/\/www.gilm.pt\/7diascomosmedia\/wp-json\/wp\/v2\/pages\/4366\/revisions\/4373"}],"wp:featuredmedia":[{"embeddable":true,"href":"https:\/\/www.gilm.pt\/7diascomosmedia\/wp-json\/wp\/v2\/media\/4367"}],"wp:attachment":[{"href":"https:\/\/www.gilm.pt\/7diascomosmedia\/wp-json\/wp\/v2\/media?parent=4366"}],"curies":[{"name":"wp","href":"https:\/\/api.w.org\/{rel}","templated":true}]}}